t is -420 (base 9) in base 11?
-291
-2634 (base 7) to base 16
-3ed
2300 (base 11) to base 6
22001
What is -27a (base 15) in base 13?
-346
What is -2031412 (base 5) in base 13?
-1224c
30765 (base 10) to base 9
46173
Convert -8b8a (base 14) to base 10.
-24230
Convert bd (base 14) to base 15.
b2
218c (base 16) to base 9
12702
What is 10121 (base 10) in base 13?
47b7
What is 1763 (base 9) in base 4?
111021
What is -142451 (base 8) in base 6?
-1025401
Convert 3030 (base 6) to base 11.
556
What is -ba9a (base 13) in base 11?
-18582
Convert 30323 (base 7) to base 8.
16307
Convert 386 (base 14) to base 8.
1302
Convert 2302 (base 4) to base 3.
20121
What is -746 (base 9) in base 4?
-21201
-21226 (base 12) to base 15
-cd63
What is aab4 (base 16) in base 9?
65845
-102231 (base 4) to base 6
-5313
Convert -441013 (base 5) to base 13.
-6b71
What is 3aa2 (base 11) in base 7?
21332
What is 1100111111 (base 2) in base 9?
1123
-352 (base 10) to base 4
-11200
Convert -115 (base 15) to base 13.
-15b
What is 11111000 (base 2) in base 5?
1443
What is -294 (base 11) in base 8?
-531
What is -12a14 (base 11) in base 14?
-6a76
102353 (base 8) to base 14
c587
Convert 6021 (base 7) to base 9.
2753
-10211202022 (base 3) to base 13
-28571
Convert -111133 (base 6) to base 4.
-2102001
-405020 (base 6) to base 3
-1122011110
What is -54343 (base 7) in base 9?
-20531
1103212 (base 4) to base 11
4024
-20a (base 16) to base 10
-522
Convert 82 (base 10) to base 3.
10001
-16571 (base 13) to base 5
-2331210
949 (base 12) to base 6
10133
What is 2400 (base 6) in base 5?
4301
102111012 (base 3) to base 13
3a73
b9 (base 12) to base 16
8d
5391 (base 15) to base 3
220021001
What is -221211201 (base 3) in base 16?
-4996
Convert -58 (base 14) to base 11.
-71
-202033 (base 5) to base 3
-22221102
4135 (base 11) to base 12
320b
-88e (base 15) to base 8
-3616
What is -4d3 (base 15) in base 3?
-1111200
Convert -2210212 (base 3) to base 13.
-c17
What is 99a (base 11) in base 8?
2256
7 (base 14) to base 5
12
103421 (base 7) to base 13
82a3
-13056 (base 9) to base 3
-110001220
17771 (base 9) to base 3
121212101
a411 (base 13) to base 14
8388
Convert 1022121220 (base 3) to base 7.
135501
2213024 (base 5) to base 2
1001011001110010
Convert -20113233 (base 4) to base 9.
-52026
-41b0 (base 13) to base 5
-242400
Convert 11013 (base 9) to base 12.
4286
Convert 2024 (base 5) to base 3.
100210
Convert 120122012 (base 3) to base 13.
525b
707 (base 12) to base 8
1767
16468 (base 9) to base 10
11321
409 (base 11) to base 8
755
Convert -882 (base 11) to base 8.
-2042
Convert -206 (base 9) to base 15.
-b3
Convert 2043 (base 6) to base 8.
713
-3cb (base 16) to base 5
-12341
Convert 284 (base 12) to base 10.
388
What is -132 (base 15) in base 16?
-110
Convert 177 (base 16) to base 9.
456
Convert 162152 (base 7) to base 15.
9725
What is 110100011 (base 2) in base 9?
515
What is -1010010110 (base 2) in base 7?
-1634
Convert -55 (base 9) to base 13.
-3b
1001 (base 8) to base 13
306
Convert -3d0 (base 14) to base 7.
-2150
What is -7244 (base 10) in base 12?
-4238
What is -211121 (base 3) in base 8?
-1142
Convert 21e (base 15) to base 9.
582
-81 (base 13) to base 5
-410
What is -3044 (base 5) in base 15?
-1b9
What is 4243 (base 15) in base 10?
14013
Convert a5 (base 13) to base 14.
99
What is 1255 (base 8) in base 10?
685
Convert -230123 (base 6) to base 3.
-222201220
Convert -1633 (base 10) to base 13.
-988
172 (base 8) to base 13
95
What is 2881 (base 11) in base 5?
104334
Convert e52 (base 15) to base 9.
4375
101402 (base 8) to base 9
51004
What is -120221 (base 3) in base 15?
-1da
-e4 (base 16) to base 6
-1020
What is -9fa (base 16) in base 12?
-158a
Convert -10400 (base 8) to base 16.
-1100
Convert 388 (base 11) to base 7.
1224
Convert -9b9b (base 13) to base 15.
-66aa
Convert 25ee (base 16) to base 6.
112542
What is 1a7aa (base 12) in base 6?
501134
Convert 13c (base 14) to base 2.
11111010
-1d6 (base 16) to base 13
-2a2
-79d2 (base 14) to base 16
-52a4
1153 (base 7) to base 3
120221
211121 (base 3) to base 10
610
What is 33160 (base 11) in base 2?
1011101111100111
Convert -1a22 (base 12) to base 2.
-110001111010
12447 (base 9) to base 16
20c2
What is 15a (base 16) in base 9?
424
-a306 (base 13) to base 12
-11017
Convert 22201 (base 3) to base 6.
1031
Convert 73b (base 12) to base 15.
4a5
Convert -1151 (base 12) to base 5.
-30213
c75 (base 14) to base 12
1507
Convert -1c5 (base 15) to base 16.
-19a
What is -2269 (base 14) in base 16?
-1755
21201 (base 3) to base 11
17a
Convert 3b7 (base 12) to base 10.
571
What is -13d3 (base 14) in base 11?
-2708
Convert 232123 (base 4) to base 14.
1123
What is -6cac (base 15) in base 9?
-34630
Convert 1350 (base 8) to base 16.
2e8
a1d (base 14) to base 7
5536
-52922 (base 10) to base 5
-3143142
What is -11022020 (base 3) in base 11?
-23a3
-21102 (base 3) to base 8
-310
-11101111010 (base 2) to base 11
-1490
-4082 (base 11) to base 8
-12446
Convert -21503 (base 10) to base 2.
-101001111111111
Convert -57 (base 8) to base 16.
-2f
20223 (base 7) to base 12
2a19
-2466 (base 7) to base 16
-3a2
-55621 (base 7) to base 8
-33315
What is -285 (base 16) in base 9?
-786
Convert 16775 (base 8) to base 6.
55313
What is 3764b (base 12) in base 15?
17452
845 (base 15) to base 14
973
-1128 (base 9) to base 12
-598
Convert -51332 (base 6) to base 9.
-10322
What is -3242 (base 5) in base 4?
-12333
What is -58 (base 11) in base 12?
-53
What is -22044 (base 5) in base 4?
-113310
Convert 120221 (base 3) to base 5.
3210
Convert 121 (base 4) to base 14.
1b
What is 27ee (base 16) in base 8?
23756
Convert -11011010111 (base 2) to base 12.
-101b
What is 110010110001000 (base 2) in base 16?
6588
Convert -69 (base 10) to base 2.
-1000101
What is -5136 (base 8) in base 9?
-3568
433 (base 15) to base 8
1664
-12169 (base 10) to base 8
-27611
2395 (base 10) to base 9
3251
Convert 23325 (base 10) to base 11.
16585
-27d (base 15) to base 14
-2c8
What is 254b (base 14) in base 16?
1987
-30020 (base 4) to base 2
-1100001000
What is -102202100 (base 3) in base 13?
-3b91
Convert 13391 (base 14) to base 9.
71865
What is 48 (base 10) in base 11?
44
-2761 (base 8) to base 5
-22041
-112222 (base 3) to base 2
-110010100
Convert -1102100012 (base 3) to base 8.
-66456
What is 35147 (base 12) in base 9?
117411
Convert 133222 (base 4) to base 8.
3752
12211101 (base 4) to base 9
40876
What is 16558 (base 9) in base 8?
26201
13b (base 12) to base 2
10111111
27794 (base 12) to base 8
152640
Convert 210023 (base 5) to base 2.
1101011101000
What is -304 (base 7) in base 11?
-128
2e0 (base 16) to base 4
23200
What is -331314 (base 5) in base 9?
-16642
-2725 (base 9) to base 10
-2048
What is -25216 (base 7) in base 16?
-19e4
What is 2102321 (base 5) in base 7?
203125
-22330 (base 5) to base 14
-818
Convert -12011002 (base 3) to base 8.
-7253
-26ae (base 16) to base 2
-10011010101110
What is -4982 (base 12) in base 7?
-33134
What is -20710 (base 8) in base 12?
-5008
Convert -2ef (base 16) to base 10.
-751
What is -112001022 (base 3) in base 7?
-41600
ae9a (base 16) to base 8
127232
What is 6b73 (base 13) in base 14?
5731
-3100 (base 5) to base 2
-110010000
-5336 (base 9) to base 11
-2a45
What is 56233 (base 7) in base 14?
5253
4401 (base 11) to base 8
13261
Convert 113331 (base 4) to base 5.
22113
Convert -8 (base 15) to base 13.
-8
Convert -6339 (base 11) to base 9.
-12453
Convert 113 (base 6) to base 15.
30
What is -2012300 (base 4) in base 10?
-8624
What is -1200 (base 10) in base 8?
-2260
What is -101100111100 (base 2) in base 6?
-21152
What is -24488 (base 12) in base 9?
-74265
What is -1792 (base 13) in base 12?
-2037
24c (base 13) to base 4
12102
What is 120210 (base 3) in base 11?
358
111101101001 (base 2) to base 6
30133
What is -554 (base 11) in base 8?
-1230
Convert 305 (base 8) to base 6.
525
Convert -469 (base 15) to base 2.
-1111100111
What is -7089 (base 13) in base 3?
-210020210
-111010110 (base 2) to base 9
-572
What is -2211 (base 13) in base 8?
-11212
-100101111111 (base 2) to base 9
-3301
Convert d18a (base 14) to base 9.
54328
Convert 541 (base 13) to base 3.
1020021
Convert -7 (base 13) to base 7.
-10
Convert 1000111 (base 3) to base 14.
3b0
Convert -2010002 (base 3) to base 16.
-605
What is -4285 (base